he prime factors of 367288390?
2, 5, 7, 5246977
List the prime factors of 321838234.
2, 47, 3423811
What are the prime factors of 52060201?
23, 41, 55207
What are the prime factors of 13341750?
2, 3, 5, 17789
What are the prime factors of 1189672483?
1189672483
List the prime factors of 303240278.
2, 11, 1253059
List the prime factors of 993808357.
19, 23, 263, 8647
List the prime factors of 74760826.
2, 7, 5340059
List the prime factors of 311077928.
2, 7, 479, 11597
List the prime factors of 37877351.
53, 59, 12113
What are the prime factors of 37053715?
5, 7410743
What are the prime factors of 566167929?
3, 188722643
List the prime factors of 219485154.
2, 3, 7, 211, 24767
What are the prime factors of 210629032?
2, 23, 1144723
What are the prime factors of 1424068719?
3, 67, 7084919
List the prime factors of 23692791.
3, 19, 131, 167
What are the prime factors of 51459001?
11, 425281
List the prime factors of 1020703828.
2, 151, 1689907
List the prime factors of 139055126.
2, 7, 97, 102397
List the prime factors of 361251729.
3, 43, 47, 19861
List the prime factors of 10808718.
2, 3, 1801453
What are the prime factors of 2070824958?
2, 3, 115045831
What are the prime factors of 1852122813?
3, 107, 5769853
List the prime factors of 303823194.
2, 3, 50637199
List the prime factors of 14060877.
3, 1997, 2347
What are the prime factors of 44659661?
257, 173773
List the prime factors of 64821964.
2, 67, 241873
What are the prime factors of 496871034?
2, 3, 11, 83, 90703
What are the prime factors of 618073419?
3, 37, 5568229
List the prime factors of 1073028041.
71, 487, 31033
List the prime factors of 229583275.
5, 9183331
What are the prime factors of 3041360246?
2, 167, 1307, 6967
What are the prime factors of 17149918?
2, 8574959
List the prime factors of 203574404.
2, 11, 4626691
What are the prime factors of 251375640?
2, 3, 5, 2094797
List the prime factors of 162295375.
5, 11, 118033
List the prime factors of 70215287.
17, 271, 15241
What are the prime factors of 162435916?
2, 181, 224359
What are the prime factors of 119187414?
2, 3, 181, 36583
List the prime factors of 20248281.
3, 19, 118411
What are the prime factors of 125798911?
7, 17971273
What are the prime factors of 1127837804?
2, 499, 565049
What are the prime factors of 1494123765?
3, 5, 1667, 59753
List the prime factors of 112175350.
2, 5, 7, 17, 1109
List the prime factors of 54251055.
3, 5, 1093, 1103
What are the prime factors of 559279020?
2, 3, 5, 509, 18313
List the prime factors of 87884992.
2, 13, 73, 1447
What are the prime factors of 46805382?
2, 3, 13, 200023
What are the prime factors of 184452938?
2, 941, 98009
List the prime factors of 7269324576.
2, 3, 17, 239, 18637
What are the prime factors of 226394618?
2, 83, 103, 13241
List the prime factors of 44747889.
3, 14915963
List the prime factors of 724950327.
3, 241650109
What are the prime factors of 2007823209?
3, 7, 43, 2223503
List the prime factors of 1258456542.
2, 3, 7, 41, 730811
What are the prime factors of 1105018319?
13259, 83341
What are the prime factors of 1195877464?
2, 149484683
List the prime factors of 1080525423.
3, 17, 79, 373, 719
What are the prime factors of 173597702?
2, 86798851
List the prime factors of 246647068.
2, 1597, 38611
What are the prime factors of 1134042171?
3, 17, 503, 44207
List the prime factors of 56824269.
3, 19, 47, 21211
What are the prime factors of 2613017?
11, 237547
What are the prime factors of 119861766?
2, 3, 19, 73, 4801
What are the prime factors of 132370201?
37, 3577573
What are the prime factors of 12349333?
12349333
What are the prime factors of 773237198?
2, 1453, 266083
List the prime factors of 21067303.
21067303
List the prime factors of 34030747.
83, 410009
What are the prime factors of 101463?
3, 31, 1091
What are the prime factors of 1160664113?
7, 3119, 53161
List the prime factors of 13684785.
3, 5, 461, 1979
What are the prime factors of 44742344?
2, 2063, 2711
What are the prime factors of 3780795496?
2, 229, 1307, 1579
List the prime factors of 438021222.
2, 3, 113, 127, 5087
List the prime factors of 475216476.
2, 3, 7, 269, 21031
List the prime factors of 442864804.
2, 110716201
List the prime factors of 6170860789.
14951, 412739
List the prime factors of 3090898626.
2, 3, 53, 131, 74197
What are the prime factors of 3463185442?
2, 19, 157, 580487
List the prime factors of 517355344.
2, 11, 267229
What are the prime factors of 4573530254?
2, 31, 773, 95429
List the prime factors of 280174261.
280174261
List the prime factors of 415884653.
151, 2754203
What are the prime factors of 24371294?
2, 12185647
What are the prime factors of 1083002594?
2, 7927, 68311
What are the prime factors of 284922502?
2, 2011, 70841
List the prime factors of 35978102.
2, 131, 137321
What are the prime factors of 816513039?
3, 373, 243227
List the prime factors of 40148639.
23, 1745593
What are the prime factors of 91990414?
2, 6257, 7351
What are the prime factors of 5113583540?
2, 5, 13, 101, 194729
What are the prime factors of 7096471?
1427, 4973
What are the prime factors of 1221156125?
5, 7, 19, 73453
What are the prime factors of 280275093?
3, 7, 1482937
List the prime factors of 8408549460.
2, 3, 5, 140142491
What are the prime factors of 35052734?
2, 17526367
List the prime factors of 85996122.
2, 3, 157, 91291
What are the prime factors of 498478316?
2, 7, 17802797
What are the prime factors of 307830420?
2, 3, 5, 283, 6043
What are the prime factors of 862153815?
3, 5, 1831, 31391
What are the prime factors of 1750246467?
3, 73, 7991993
List the prime factors of 284951078.
2, 233, 611483
What are the prime factors of 1055431482?
2, 3, 7, 3589903
List the prime factors of 382985182.
2, 41, 1699, 2749
List the prime factors of 67908213.
3, 23, 36451
List the prime factors of 1235733746.
2, 13, 3656017
What are the prime factors of 635872810?
2, 5, 19, 1361, 2459
What are the prime factors of 1109755388?
2, 7, 39634121
List the prime factors of 155367175.
5, 6214687
List the prime factors of 310484990.
2, 5, 4621, 6719
List the prime factors of 449553993.
3, 7, 21407333
What are the prime factors of 274631261?
274631261
What are the prime factors of 295682626?
2, 147841313
List the prime factors of 157369655.
5, 31473931
List the prime factors of 101454943.
5501, 18443
What are the prime factors of 1596487951?
37, 43148323
What are the prime factors of 141818432?
2, 7, 19, 16661
List the prime factors of 37405148.
2, 11, 19, 101, 443
List the prime factors of 520020153.
3, 53, 1090189
List the prime factors of 151190408.
2, 23, 43, 97, 197
List the prime factors of 30687284.
2, 7671821
What are the prime factors of 6423865787?
31, 103, 311, 6469
What are the prime factors of 6933576645?
3, 5, 1061, 48407
List the prime factors of 624890162.
2, 13, 229, 104953
List the prime factors of 4884619487.
11, 17863, 24859
What are the prime factors of 6210633117?
3, 13, 101, 1576703
List the prime factors of 71974956.
2, 3, 1733, 3461
What are the prime factors of 1238325447?
3, 463, 891523
List the prime factors of 42267571.
19, 61, 36469
List the prime factors of 168962989.
13, 31, 32251
What are the prime factors of 832440117?
3, 31, 83, 107843
List the prime factors of 137915971.
137915971
What are the prime factors of 68495405?
5, 11, 359, 3469
List the prime factors of 446493865.
5, 17, 89, 59021
List the prime factors of 43037569.
43037569
What are the prime factors of 2262116268?
2, 3, 20945521
List the prime factors of 111436083.
3, 11, 19, 59243
List the prime factors of 27564401.
71, 388231
What are the prime factors of 4630588374?
2, 3, 683, 1129963
What are the prime factors of 92939776?
2, 181523
What are the prime factors of 55575073?
37, 127, 11827
What are the prime factors of 4625819764?
2, 269, 4299089
What are the prime factors of 17978837?
457, 39341
What are the prime factors of 473308313?
473308313
List the prime factors of 55778809.
1877, 29717
List the prime factors of 435553206.
2, 3, 11, 937, 7043
What are the prime factors of 337115694?
2, 3, 41, 1370389
List the prime factors of 8551957.
19, 450103
What are the prime factors of 36943292?
2, 9235823
List the prime factors of 82350226.
2, 7, 5882159
List the prime factors of 37